nd 84?
21
What is the greatest common divisor of 7 and 203?
7
Calculate the highest common divisor of 28 and 3654.
14
What is the highest common divisor of 29 and 2?
1
What is the highest common divisor of 129 and 3?
3
Calculate the highest common divisor of 76 and 12844.
76
Calculate the greatest common factor of 4 and 1148.
4
What is the greatest common divisor of 748 and 289?
17
Calculate the highest common factor of 663 and 102.
51
What is the greatest common divisor of 110 and 572?
22
What is the highest common factor of 44 and 132?
44
What is the greatest common divisor of 34816 and 51?
17
Calculate the highest common divisor of 132 and 216.
12
Calculate the greatest common divisor of 34 and 374.
34
Calculate the highest common factor of 2 and 478.
2
What is the highest common factor of 119 and 17?
17
What is the highest common factor of 250 and 50?
50
What is the greatest common factor of 2618 and 3094?
238
What is the highest common divisor of 23 and 1771?
23
What is the greatest common factor of 690 and 713?
23
What is the greatest common factor of 48 and 219?
3
Calculate the greatest common factor of 60 and 260.
20
Calculate the highest common divisor of 15 and 3.
3
What is the greatest common factor of 267 and 17711?
89
Calculate the greatest common divisor of 5 and 985.
5
What is the highest common factor of 48 and 8808?
24
What is the greatest common factor of 25 and 10?
5
What is the highest common divisor of 20 and 2590?
10
What is the greatest common divisor of 400 and 4050?
50
Calculate the greatest common factor of 207 and 552.
69
Calculate the highest common factor of 410 and 20.
10
What is the greatest common divisor of 328 and 20?
4
What is the greatest common factor of 624 and 2148?
12
What is the greatest common divisor of 25 and 5725?
25
Calculate the greatest common factor of 224 and 96.
32
Calculate the highest common factor of 2 and 119.
1
Calculate the highest common divisor of 12 and 13020.
12
What is the highest common divisor of 112 and 136?
8
What is the highest common divisor of 345 and 1541?
23
Calculate the greatest common divisor of 10 and 1970.
10
Calculate the greatest common divisor of 1 and 99.
1
What is the greatest common divisor of 5 and 3095?
5
What is the highest common divisor of 32 and 100?
4
Calculate the greatest common factor of 6714 and 126.
18
Calculate the highest common factor of 19 and 76.
19
Calculate the greatest common divisor of 799 and 17.
17
Calculate the greatest common divisor of 517 and 1504.
47
What is the highest common divisor of 12000 and 96?
96
Calculate the greatest common factor of 10 and 25340.
10
What is the greatest common factor of 20 and 380?
20
Calculate the greatest common divisor of 17510 and 680.
170
Calculate the highest common factor of 488 and 8.
8
Calculate the highest common divisor of 67 and 4087.
67
Calculate the greatest common divisor of 24 and 480.
24
What is the greatest common factor of 4947 and 51?
51
Calculate the highest common divisor of 72 and 32.
8
What is the greatest common factor of 99672 and 24?
24
Calculate the greatest common divisor of 903 and 588.
21
What is the greatest common factor of 30 and 12?
6
Calculate the greatest common divisor of 40 and 800.
40
What is the highest common factor of 250 and 230?
10
Calculate the greatest common divisor of 27 and 180.
9
What is the highest common factor of 5211 and 27?
27
What is the greatest common divisor of 15010 and 38?
38
What is the greatest common factor of 15 and 4245?
15
What is the greatest common factor of 133 and 3211?
19
Calculate the highest common divisor of 1232 and 176.
176
What is the highest common divisor of 144 and 132?
12
Calculate the highest common factor of 40 and 296.
8
What is the greatest common divisor of 16000 and 450?
50
Calculate the highest common divisor of 37252 and 201.
67
What is the greatest common factor of 344 and 8?
8
Calculate the highest common divisor of 126 and 936.
18
Calculate the greatest common factor of 292 and 3869.
73
What is the highest common factor of 3022 and 2?
2
What is the highest common factor of 299 and 23?
23
What is the greatest common factor of 7 and 10598?
7
Calculate the highest common factor of 6168 and 12.
12
Calculate the highest common divisor of 57 and 1273.
19
Calculate the highest common divisor of 464 and 290.
58
Calculate the greatest common divisor of 154 and 2.
2
Calculate the greatest common divisor of 240 and 7140.
60
What is the highest common factor of 240 and 110?
10
What is the greatest common factor of 295 and 415?
5
Calculate the highest common divisor of 33 and 12.
3
Calculate the greatest common divisor of 170 and 140.
10
Calculate the highest common factor of 5460 and 84.
84
Calculate the highest common divisor of 41 and 19.
1
Calculate the highest common divisor of 292 and 36.
4
Calculate the greatest common factor of 113 and 1.
1
What is the highest common divisor of 92 and 9361?
23
Calculate the highest common factor of 124 and 256.
4
Calculate the highest common divisor of 36 and 148.
4
Calculate the greatest common divisor of 283 and 8.
1
What is the highest common factor of 4134 and 39?
39
Calculate the highest common factor of 4794 and 102.
102
What is the greatest common divisor of 6 and 951?
3
Calculate the greatest common divisor of 8174 and 488.
122
What is the highest common divisor of 280 and 160?
40
What is the greatest common factor of 226 and 2?
2
Calculate the highest common divisor of 61 and 671.
61
What is the highest common factor of 25728 and 16?
16
What is the greatest common divisor of 555 and 15?
15
Calculate the greatest common factor of 3887 and 276.
23
What is the highest common divisor of 30 and 290?
10
What is the highest common divisor of 22 and 222?
2
What is the greatest common factor of 6 and 1128?
6
What is the highest common factor of 18 and 81?
9
What is the greatest common factor of 3382 and 1335?
89
What is the highest common divisor of 225 and 765?
45
Calculate the highest common factor of 84 and 189.
21
What is the highest common factor of 60 and 1460?
20
What is the greatest common factor of 88 and 8?
8
Calculate the greatest common factor of 160 and 520.
40
What is the greatest common factor of 1408 and 32?
32
Calculate the greatest common factor of 567 and 9.
9
What is the greatest common divisor of 528 and 32?
16
Calculate the highest common divisor of 148 and 6956.
148
What is the greatest common factor of 490 and 140?
70
What is the highest common factor of 24 and 488?
8
Calculate the greatest common factor of 3454 and 44.
22
Calculate the greatest common divisor of 102 and 1326.
102
What is the highest common divisor of 207 and 46?
23
What is the greatest common factor of 836 and 86526?
418
What is the greatest common factor of 3 and 1797?
3
Calculate the highest common divisor of 54 and 81.
27
What is the highest common factor of 21 and 8043?
21
Calculate the highest common divisor of 651 and 21.
21
Calculate the highest common factor of 84 and 528.
12
Calculate the greatest common divisor of 208 and 8788.
52
Calculate the greatest common divisor of 537 and 3.
3
What is the greatest common divisor of 6 and 1398?
6
Calculate the greatest common divisor of 48 and 384.
48
Calculate the highest common factor of 308 and 1372.
28
Calculate the highest common divisor of 5 and 2560.
5
What is the highest common divisor of 3 and 291?
3
What is the highest common factor of 24024 and 21?
21
What is the highest common factor of 3724 and 76?
76
What is the greatest common factor of 2852 and 690?
46
What is the highest common divisor of 2735 and 5?
5
What is the highest common factor of 18 and 558?
18
What is the greatest common divisor of 28 and 567?
7
Calculate the greatest common divisor of 28 and 2765.
7
Calculate the highest common divisor of 410 and 14842.
82
What is the greatest common factor of 152 and 95?
19
What is the greatest common factor of 149 and 2?
1
Calculate the highest common divisor of 135 and 16290.
45
What is the greatest common divisor of 14 and 434?
14
Calculate the highest common factor of 260 and 533.
13
What is the greatest common factor of 3078 and 81?
81
Calculate the highest common factor of 68206 and 134.
134
Calculate the highest common fact